{"id":933,"date":"2019-02-20T15:35:16","date_gmt":"2019-02-20T14:35:16","guid":{"rendered":"https:\/\/inovad.net\/parkngo\/?page_id=933"},"modified":"2025-10-08T16:31:09","modified_gmt":"2025-10-08T14:31:09","slug":"conditions-generales","status":"publish","type":"page","link":"https:\/\/inovad.net\/parkngo\/conditions-generales","title":{"rendered":"Conditions g\u00e9n\u00e9rales"},"content":{"rendered":"<div class=\"wpb-content-wrapper\"><p>[vc_row][vc_column icons_position=\u00a0\u00bbleft\u00a0\u00bb][vc_column_text css=\u00a0\u00bb\u00a0\u00bb]<\/p>\n<p class=\"p1\"><span class=\"s1\"><b>1. D\u00e9finitions<\/b><\/span><\/p>\n<p class=\"p2\"><span class=\"s1\">1.1 Parkngo (A\u00e9roport Orly) repr\u00e9sente la soci\u00e9t\u00e9 EasyPark&amp;go (SIRET 53980124100016 \u2013 RCS CRETEIL 539801241) \u2013 TVA Intracommunaitre : FR84539801241 \u2013 Licence Transport : n\u00b02015\/11\/0004431, \u00e9tablie au 1 chemin des Carri\u00e8res 94310 Orly.<\/span><\/p>\n<p class=\"p2\"><span class=\"s1\">1.2 Voyageur : la personne physique qui effectue une r\u00e9servation aupr\u00e8s de Parkngo pour une place de parking.<\/span><\/p>\n<p class=\"p2\"><span class=\"s1\">1.3 P\u00e9riode de stationnement : la p\u00e9riode indiqu\u00e9e pr\u00e9alablement par le voyageur dans sa r\u00e9servation durant laquelle le v\u00e9hicule est gar\u00e9e par le voyageur, c\u2019est-\u00e0-dire la p\u00e9riode entre la date de d\u00e9but (cette date incluse) et la date de d\u00e9part (cette date incluse) du stationnement.<\/span><\/p>\n<p class=\"p1\"><span class=\"s1\"><b>2.\u00a0Service de Parking<\/b><\/span><\/p>\n<p class=\"p2\"><span class=\"s1\">2.1 En effectuant une r\u00e9servation aupr\u00e8s de Parkngo, dans laquelle sont indiqu\u00e9es la p\u00e9riode de stationnement exacte et les heures d\u2019arriv\u00e9e et de retour, le voyageur peut r\u00e9server une place de parking.<\/span><\/p>\n<p class=\"p2\"><span class=\"s1\">2.2 La r\u00e9servation donne uniquement le droit de garer le v\u00e9hicule durant la p\u00e9riode de r\u00e9servation.<\/span><\/p>\n<p class=\"p2\"><span class=\"s1\">2.3 Un certain nombre de places de parking est r\u00e9serv\u00e9 au service de parking. Parkngo a le droit de refuser une r\u00e9servation si le nombre de places de parking d\u00e9sign\u00e9es est d\u00e9pass\u00e9 par cette r\u00e9servation.<\/span><\/p>\n<p class=\"p2\"><span class=\"s1\">2.4 Parkngo a le droit de ne pas accepter des r\u00e9servations sans indiquer les raisons.<\/span><\/p>\n<p class=\"p1\"><span class=\"s1\"><b>\u00a03. R\u00e9servez, payez, modifiez et annulez<\/b><\/span><\/p>\n<p class=\"p2\"><span class=\"s1\">3.1 Le voyageur peut effectuer une r\u00e9servation pour le service de parking jusqu\u2019\u00e0 12 heures avant la date de d\u00e9but de la p\u00e9riode de stationnement.<\/span><\/p>\n<p class=\"p2\"><span class=\"s1\">3.2 En vertu des dispositions des articles L.121-21 \u00e0 L.121-21-8 du code de consommation, un droit de r\u00e9tractation est accord\u00e9 au consommateur en cas de contrats conclus \u00e0 distance.<br \/>\nLe voyageur b\u00e9n\u00e9ficie d\u2019un d\u00e9lai de r\u00e9tractation de quatorze jours \u00e0 compter de la conclusion du contrat de prestation de service pour exercer ce droit [\u2026] sans avoir \u00e0 motiver sa d\u00e9cision ni \u00e0 supporter d\u2019autres co\u00fbts que ceux pr\u00e9vus par la r\u00e9glementation.<\/span><\/p>\n<p class=\"p2\"><span class=\"s1\">3.3 En vertu de l\u2019article L.121-19-2, \u00ab [\u2026] le contrat est accompagn\u00e9 du formulaire type de r\u00e9tractation. \u00bb Vous pouvez t\u00e9l\u00e9charger le formulaire de r\u00e9traction et envoyer par voie postale \u00e0 l\u2019adresse \u2013 80 Avenue du G\u00e9n\u00e9ral de Gaulles 91170 Viry-Chatillon.<\/span><\/p>\n<p class=\"p2\"><span class=\"s1\">3.4 Toutefois, le droit de r\u00e9tractation ne peut \u00eatre exerc\u00e9, selon l\u2019article L121-21-8 du code de consommation : \u00ab [\u2026] de fourniture de services pleinement ex\u00e9cut\u00e9s avant la fin du d\u00e9lai de r\u00e9tractation et dont l\u2019ex\u00e9cution a commenc\u00e9 apr\u00e8s accord pr\u00e9alable express du consommateur et renoncement express \u00e0 son droit de r\u00e9tractation \u00bb<\/span><\/p>\n<p class=\"p2\"><span class=\"s1\">3.5 Le voyageur peut donc annuler sa r\u00e9servation sans frais en nous joignant par t\u00e9l\u00e9phone au 06 61 88 80 88 ou en nous envoyant directement par voie postale le formulaire de r\u00e9traction dans le d\u00e9lai l\u00e9gale annonc\u00e9.<\/span><\/p>\n<p class=\"p2\"><span class=\"s1\">3.6 Parkngo se r\u00e9serve le droit de modifier ses tarifs. Ces modifications ne s\u2019appliqueront pas aux r\u00e9servations effectu\u00e9es ant\u00e9rieurement.<\/span><\/p>\n<p class=\"p1\"><span class=\"s1\"><b>\u00a04. Vie priv\u00e9e<\/b><\/span><\/p>\n<p class=\"p2\"><span class=\"s1\">4.1 Parkngo observe des normes \u00e9thiques \u00e9lev\u00e9es et respecte votre vie priv\u00e9e. C\u2019est la raison pour laquelle nous ne communiquons en aucun cas vos coordonn\u00e9es \u00e0 des tiers. Lisez notre d\u00e9claration sur la protection de la vie priv\u00e9e pour plus d\u2019informations \u00e0 ce sujet.<\/span><\/p>\n<p class=\"p1\"><span class=\"s1\"><b>\u00a05. Stationnez<\/b><\/span><\/p>\n<p class=\"p2\"><span class=\"s1\">5.1 Le voyageur stationnera son v\u00e9hicule sur des places libres face a l\u2019accueil.<\/span><\/p>\n<p class=\"p1\"><span class=\"s1\"><b>\u00a06. Responsabilit\u00e9<\/b><\/span><\/p>\n<p class=\"p2\"><span class=\"s1\">6.1 Parkngo a la comp\u00e9tence et le droit de d\u00e9placer le v\u00e9hicule du voyageur si celui-ci laisse sa cl\u00e9 aupr\u00e8s de Parkngo.<br \/>\nLes collaborateurs de ayant le droit de changer la position des r\u00e9troviseurs et du si\u00e8ge pour garantir une utilisation en toute s\u00e9curit\u00e9 du v\u00e9hicule.<\/span><\/p>\n<p class=\"p2\"><span class=\"s1\">6.2 Parkngo n\u2019est pas responsable d\u2019un pr\u00e9judice dont souffre le voyageur, \u00e0 l\u2019exception des dommages caus\u00e9s au v\u00e9hicule et dus \u00e0 la malveillance ou \u00e0 une faute grave de Parkngo ou de ses collaborateurs.<\/span><\/p>\n<p class=\"p2\"><span class=\"s1\">6.3 Parkngo exclut toute responsabilit\u00e9 en mati\u00e8re de vol\/de cambriolage ou de d\u00e9g\u00e2ts.<\/span><\/p>\n<p class=\"p2\"><span class=\"s1\">6.4 A condition qu\u2019un \u00e9tat des lieux descriptif ait \u00e9t\u00e9 r\u00e9alis\u00e9 \u00e0 la prise en charge du v\u00e9hicule Parkngo s\u2019engage \u00e0 prendre en charge tous les d\u00e9g\u00e2ts occasionn\u00e9s sur la carrosserie du v\u00e9hicule du client d\u00e8s lors que le d\u00e9g\u00e2t soit constat\u00e9 par Parkngo ou par ses collaborateurs et qu\u2019il soit fait un \u00e9tat descriptif contradictoire et ce, avant que le client ne quitte l\u2019aire de stationnement. L\u2019\u00e9tat des lieux du v\u00e9hicule est faite sur demande du client.<\/span><\/p>\n<p class=\"p1\"><span class=\"s1\"><b>7. \u00a0Clause finale<\/b><\/span><\/p>\n<p class=\"p2\"><span class=\"s1\">7.1 Sauf stipulation contraire, le droit d\u2019auteur du mat\u00e9riel sur ce site Web appartient \u00e0 Parkngo.<\/span><\/p>\n<p class=\"p2\"><span class=\"s1\">7.2 Parkngo est une soci\u00e9t\u00e9 enregistr\u00e9e en FRANCE. Le droit fran\u00e7ais s\u2019applique \u00e0 nos services.<\/span><\/p>\n<p class=\"p2\"><span class=\"s1\"><b>D\u00e9charge de responsabilit\u00e9 : <\/b><\/span><\/p>\n<p class=\"p2\"><span class=\"s1\"><br \/>\nParkngo consacre le plus grand soin \u00e0 l\u2019entretien de ce site. N\u00e9anmoins, il se pourrait que certaines informations ne soient (plus ou) pas correctes. Les textes de ce site internet ne conf\u00e8rent, par cons\u00e9quent, aucun droit. Parkngo ne porte aucune responsabilit\u00e9 en ce qui concerne les informations sur quelque site web ou page web que ce soit, qui renverrait au pr\u00e9sent site de Parkngo (www.parkngo.fr).<\/span><\/p>\n<p class=\"p2\"><span class=\"s1\">Les repr\u00e9sentations graphiques (notamment les photos) sur ce site ne peuvent \u00eatre reproduites ni publi\u00e9es par impression, photocopie, fax, dactylographie ou emmagasinage dans un fichier automatis\u00e9.<br \/>\nSi vous le voulez, vous pouvez demander une autorisation au moyen du formulaire d\u2019information ou par e-mail.<\/span><\/p>\n<p class=\"p2\"><span class=\"s1\">Pour toute question ou tout compl\u00e9ment d\u2019information, vous pouvez nous contacter par e-mail : info@parkngo.fr<\/span><\/p>\n<p>[\/vc_column_text][\/vc_column][\/vc_row]<\/p>\n<\/div>","protected":false},"excerpt":{"rendered":"<p>[vc_row][vc_column icons_position=\u00a0\u00bbleft\u00a0\u00bb][vc_column_text css=\u00a0\u00bb\u00a0\u00bb] 1. D\u00e9finitions 1.1 Parkngo (A\u00e9roport Orly) repr\u00e9sente la soci\u00e9t\u00e9 EasyPark&amp;go (SIRET 53980124100016 \u2013 RCS CRETEIL 539801241) \u2013 TVA Intracommunaitre : FR84539801241 \u2013 Licence Transport : n\u00b02015\/11\/0004431, \u00e9tablie&hellip;<\/p>\n","protected":false},"author":7,"featured_media":0,"parent":0,"menu_order":0,"comment_status":"closed","ping_status":"closed","template":"","meta":{"footnotes":""},"class_list":["post-933","page","type-page","status-publish","hentry"],"yoast_head":"<!-- This site is optimized with the Yoast SEO plugin v26.6 - https:\/\/yoast.com\/wordpress\/plugins\/seo\/ -->\n<title>Conditions g\u00e9n\u00e9rales - Parkngo : Votre parking facile et proche d&#039;Orly<\/title>\n<meta name=\"robots\" content=\"index, follow, max-snippet:-1, max-image-preview:large, max-video-preview:-1\" \/>\n<link rel=\"canonical\" href=\"https:\/\/inovad.net\/parkngo\/conditions-generales\" \/>\n<meta property=\"og:locale\" content=\"fr_FR\" \/>\n<meta property=\"og:type\" content=\"article\" \/>\n<meta property=\"og:title\" content=\"Conditions g\u00e9n\u00e9rales - Parkngo : Votre parking facile et proche d&#039;Orly\" \/>\n<meta property=\"og:description\" content=\"[vc_row][vc_column icons_position=\u00a0\u00bbleft\u00a0\u00bb][vc_column_text css=\u00a0\u00bb\u00a0\u00bb] 1. D\u00e9finitions 1.1 Parkngo (A\u00e9roport Orly) repr\u00e9sente la soci\u00e9t\u00e9 EasyPark&amp;go (SIRET 53980124100016 \u2013 RCS CRETEIL 539801241) \u2013 TVA Intracommunaitre : FR84539801241 \u2013 Licence Transport : n\u00b02015\/11\/0004431, \u00e9tablie&hellip;\" \/>\n<meta property=\"og:url\" content=\"https:\/\/inovad.net\/parkngo\/conditions-generales\" \/>\n<meta property=\"og:site_name\" content=\"Parkngo : Votre parking facile et proche d&#039;Orly\" \/>\n<meta property=\"article:modified_time\" content=\"2025-10-08T14:31:09+00:00\" \/>\n<meta name=\"twitter:card\" content=\"summary_large_image\" \/>\n<meta name=\"twitter:label1\" content=\"Dur\u00e9e de lecture estim\u00e9e\" \/>\n\t<meta name=\"twitter:data1\" content=\"5 minutes\" \/>\n<script type=\"application\/ld+json\" class=\"yoast-schema-graph\">{\"@context\":\"https:\/\/schema.org\",\"@graph\":[{\"@type\":\"WebPage\",\"@id\":\"https:\/\/inovad.net\/parkngo\/conditions-generales\",\"url\":\"https:\/\/inovad.net\/parkngo\/conditions-generales\",\"name\":\"Conditions g\u00e9n\u00e9rales - Parkngo : Votre parking facile et proche d&#039;Orly\",\"isPartOf\":{\"@id\":\"https:\/\/inovad.net\/parkngo\/#website\"},\"datePublished\":\"2019-02-20T14:35:16+00:00\",\"dateModified\":\"2025-10-08T14:31:09+00:00\",\"breadcrumb\":{\"@id\":\"https:\/\/inovad.net\/parkngo\/conditions-generales#breadcrumb\"},\"inLanguage\":\"fr-FR\",\"potentialAction\":[{\"@type\":\"ReadAction\",\"target\":[\"https:\/\/inovad.net\/parkngo\/conditions-generales\"]}]},{\"@type\":\"BreadcrumbList\",\"@id\":\"https:\/\/inovad.net\/parkngo\/conditions-generales#breadcrumb\",\"itemListElement\":[{\"@type\":\"ListItem\",\"position\":1,\"name\":\"Accueil\",\"item\":\"https:\/\/inovad.net\/parkngo\/\"},{\"@type\":\"ListItem\",\"position\":2,\"name\":\"Conditions g\u00e9n\u00e9rales\"}]},{\"@type\":\"WebSite\",\"@id\":\"https:\/\/inovad.net\/parkngo\/#website\",\"url\":\"https:\/\/inovad.net\/parkngo\/\",\"name\":\"Parkngo, le seul parking \u00e0 moins de 5 minutes d'Orly - 01 46 75 03 03\",\"description\":\"Parkngo\",\"publisher\":{\"@id\":\"https:\/\/inovad.net\/parkngo\/#organization\"},\"potentialAction\":[{\"@type\":\"SearchAction\",\"target\":{\"@type\":\"EntryPoint\",\"urlTemplate\":\"https:\/\/inovad.net\/parkngo\/?s={search_term_string}\"},\"query-input\":{\"@type\":\"PropertyValueSpecification\",\"valueRequired\":true,\"valueName\":\"search_term_string\"}}],\"inLanguage\":\"fr-FR\"},{\"@type\":\"Organization\",\"@id\":\"https:\/\/inovad.net\/parkngo\/#organization\",\"name\":\"Parkngo, le seul parking \u00e0 moins de 5 minutes d'Orly - 01 46 75 03 03\",\"url\":\"https:\/\/inovad.net\/parkngo\/\",\"logo\":{\"@type\":\"ImageObject\",\"inLanguage\":\"fr-FR\",\"@id\":\"https:\/\/inovad.net\/parkngo\/#\/schema\/logo\/image\/\",\"url\":\"https:\/\/inovad.net\/parkngo\/wp-content\/uploads\/2017\/12\/logo-white.png\",\"contentUrl\":\"https:\/\/inovad.net\/parkngo\/wp-content\/uploads\/2017\/12\/logo-white.png\",\"width\":300,\"height\":71,\"caption\":\"Parkngo, le seul parking \u00e0 moins de 5 minutes d'Orly - 01 46 75 03 03\"},\"image\":{\"@id\":\"https:\/\/inovad.net\/parkngo\/#\/schema\/logo\/image\/\"}}]}<\/script>\n<!-- \/ Yoast SEO plugin. -->","yoast_head_json":{"title":"Conditions g\u00e9n\u00e9rales - Parkngo : Votre parking facile et proche d&#039;Orly","robots":{"index":"index","follow":"follow","max-snippet":"max-snippet:-1","max-image-preview":"max-image-preview:large","max-video-preview":"max-video-preview:-1"},"canonical":"https:\/\/inovad.net\/parkngo\/conditions-generales","og_locale":"fr_FR","og_type":"article","og_title":"Conditions g\u00e9n\u00e9rales - Parkngo : Votre parking facile et proche d&#039;Orly","og_description":"[vc_row][vc_column icons_position=\u00a0\u00bbleft\u00a0\u00bb][vc_column_text css=\u00a0\u00bb\u00a0\u00bb] 1. D\u00e9finitions 1.1 Parkngo (A\u00e9roport Orly) repr\u00e9sente la soci\u00e9t\u00e9 EasyPark&amp;go (SIRET 53980124100016 \u2013 RCS CRETEIL 539801241) \u2013 TVA Intracommunaitre : FR84539801241 \u2013 Licence Transport : n\u00b02015\/11\/0004431, \u00e9tablie&hellip;","og_url":"https:\/\/inovad.net\/parkngo\/conditions-generales","og_site_name":"Parkngo : Votre parking facile et proche d&#039;Orly","article_modified_time":"2025-10-08T14:31:09+00:00","twitter_card":"summary_large_image","twitter_misc":{"Dur\u00e9e de lecture estim\u00e9e":"5 minutes"},"schema":{"@context":"https:\/\/schema.org","@graph":[{"@type":"WebPage","@id":"https:\/\/inovad.net\/parkngo\/conditions-generales","url":"https:\/\/inovad.net\/parkngo\/conditions-generales","name":"Conditions g\u00e9n\u00e9rales - Parkngo : Votre parking facile et proche d&#039;Orly","isPartOf":{"@id":"https:\/\/inovad.net\/parkngo\/#website"},"datePublished":"2019-02-20T14:35:16+00:00","dateModified":"2025-10-08T14:31:09+00:00","breadcrumb":{"@id":"https:\/\/inovad.net\/parkngo\/conditions-generales#breadcrumb"},"inLanguage":"fr-FR","potentialAction":[{"@type":"ReadAction","target":["https:\/\/inovad.net\/parkngo\/conditions-generales"]}]},{"@type":"BreadcrumbList","@id":"https:\/\/inovad.net\/parkngo\/conditions-generales#breadcrumb","itemListElement":[{"@type":"ListItem","position":1,"name":"Accueil","item":"https:\/\/inovad.net\/parkngo\/"},{"@type":"ListItem","position":2,"name":"Conditions g\u00e9n\u00e9rales"}]},{"@type":"WebSite","@id":"https:\/\/inovad.net\/parkngo\/#website","url":"https:\/\/inovad.net\/parkngo\/","name":"Parkngo, le seul parking \u00e0 moins de 5 minutes d'Orly - 01 46 75 03 03","description":"Parkngo","publisher":{"@id":"https:\/\/inovad.net\/parkngo\/#organization"},"potentialAction":[{"@type":"SearchAction","target":{"@type":"EntryPoint","urlTemplate":"https:\/\/inovad.net\/parkngo\/?s={search_term_string}"},"query-input":{"@type":"PropertyValueSpecification","valueRequired":true,"valueName":"search_term_string"}}],"inLanguage":"fr-FR"},{"@type":"Organization","@id":"https:\/\/inovad.net\/parkngo\/#organization","name":"Parkngo, le seul parking \u00e0 moins de 5 minutes d'Orly - 01 46 75 03 03","url":"https:\/\/inovad.net\/parkngo\/","logo":{"@type":"ImageObject","inLanguage":"fr-FR","@id":"https:\/\/inovad.net\/parkngo\/#\/schema\/logo\/image\/","url":"https:\/\/inovad.net\/parkngo\/wp-content\/uploads\/2017\/12\/logo-white.png","contentUrl":"https:\/\/inovad.net\/parkngo\/wp-content\/uploads\/2017\/12\/logo-white.png","width":300,"height":71,"caption":"Parkngo, le seul parking \u00e0 moins de 5 minutes d'Orly - 01 46 75 03 03"},"image":{"@id":"https:\/\/inovad.net\/parkngo\/#\/schema\/logo\/image\/"}}]}},"_links":{"self":[{"href":"https:\/\/inovad.net\/parkngo\/wp-json\/wp\/v2\/pages\/933","targetHints":{"allow":["GET"]}}],"collection":[{"href":"https:\/\/inovad.net\/parkngo\/wp-json\/wp\/v2\/pages"}],"about":[{"href":"https:\/\/inovad.net\/parkngo\/wp-json\/wp\/v2\/types\/page"}],"author":[{"embeddable":true,"href":"https:\/\/inovad.net\/parkngo\/wp-json\/wp\/v2\/users\/7"}],"replies":[{"embeddable":true,"href":"https:\/\/inovad.net\/parkngo\/wp-json\/wp\/v2\/comments?post=933"}],"version-history":[{"count":4,"href":"https:\/\/inovad.net\/parkngo\/wp-json\/wp\/v2\/pages\/933\/revisions"}],"predecessor-version":[{"id":1698,"href":"https:\/\/inovad.net\/parkngo\/wp-json\/wp\/v2\/pages\/933\/revisions\/1698"}],"wp:attachment":[{"href":"https:\/\/inovad.net\/parkngo\/wp-json\/wp\/v2\/media?parent=933"}],"curies":[{"name":"wp","href":"https:\/\/api.w.org\/{rel}","templated":true}]}}