{"id":1186,"date":"2019-04-15T16:56:51","date_gmt":"2019-04-15T14:56:51","guid":{"rendered":"https:\/\/inovad.net\/parkngo\/?page_id=1186"},"modified":"2019-04-15T17:15:40","modified_gmt":"2019-04-15T15:15:40","slug":"tarif-parking-orly","status":"publish","type":"page","link":"https:\/\/inovad.net\/parkngo\/tarif-parking-orly","title":{"rendered":"Tarif du parking d&rsquo;Orly"},"content":{"rendered":"<div class=\"wpb-content-wrapper\"><p>[vc_row][vc_column icons_position=\u00a0\u00bbleft\u00a0\u00bb][vc_custom_heading text=\u00a0\u00bbTarif du parking d\u2019orly, faites des \u00e9conomies\u00a0\u00bb font_container=\u00a0\u00bbtag:h1|text_align:center\u00a0\u00bb use_theme_fonts=\u00a0\u00bbyes\u00a0\u00bb][\/vc_column][\/vc_row][vc_row equal_height=\u00a0\u00bbyes\u00a0\u00bb content_placement=\u00a0\u00bbmiddle\u00a0\u00bb][vc_column width=\u00a0\u00bb1\/2&Prime; icons_position=\u00a0\u00bbleft\u00a0\u00bb][vc_column_text]Partir en voyage n\u2019est pas toujours une sin\u00e9cure, surtout si on doit prendre en compte toutes les d\u00e9penses suppl\u00e9mentaires li\u00e9es au transfert vers et depuis l\u2019a\u00e9roport. La solution la plus ais\u00e9e reste encore de s\u2019y rendre en toute simplicit\u00e9 dans son v\u00e9hicule. \u00a0Vous aller donc vous demander le<strong>\u00a0tarif du parking d\u2019Orly<\/strong>. Pourtant, cette m\u00e9thode se heurte \u00e9galement \u00e0 un probl\u00e8me de taille\u00a0: le stationnement\u00a0! Heureusement, plusieurs parkings priv\u00e9s vous permettent de r\u00e9gler ce probl\u00e8me \u00e0 bas co\u00fbts. C\u2019est notamment le cas du\u00a0<b>tarif du parking d\u2019orly<\/b>, adaptable \u00e0 vos exigences pour un voyage pratique et \u00e9conomique.[\/vc_column_text][\/vc_column][vc_column width=\u00a0\u00bb1\/2&Prime; icons_position=\u00a0\u00bbleft\u00a0\u00bb]<div id=\"widget_video_346696124\" class=\"widget_area sc_widget_video vc_widget_video wpb_content_element\"><aside id=\"widget_video_346696124_widget\" class=\"widget widget_video\"><div id=\"sc_video_1257528999\" class=\"trx_addons_video_player without_cover\"><div class=\"video_embed video_frame\"><iframe loading=\"lazy\" src=\"https:\/\/www.youtube.com\/embed\/6VELZlyPg2w?feature=oembed&#038;wmode=transparent&#038;origin=https%3A%2F%2Finovad.net%2Fparkngo&#038;widgetid=1&#038;enablejsapi=1&#038;disablekb=1&#038;modestbranding=1&#038;iv_load_policy=3&#038;rel=0&#038;showinfo=0&#038;playsinline=1\" width=\"1200\" height=\"675\"><\/iframe><\/div><\/div><\/aside><\/div>[\/vc_column][\/vc_row][vc_row css=\u00a0\u00bb.vc_custom_1555340495781{padding-top: 40px !important;padding-bottom: 40px !important;}\u00a0\u00bb][vc_column icons_position=\u00a0\u00bbleft\u00a0\u00bb][vc_column_text]<\/p>\n<h2><b>Tarif du parking d\u2019orly : r\u00e9servez malin<\/b><\/h2>\n<p>Rien de tel qu\u2019une place de parking s\u00e9curis\u00e9e et \u00e0 prix r\u00e9duit pour vous aider \u00e0 partir en voyage en toute qui\u00e9tude. Avec le\u00a0<b>tarif du parking d\u2019orly<\/b>, vous pourrez notamment r\u00e9server selon la dur\u00e9e de votre d\u00e9placement, qu\u2019il soit court ou long. Et ce, \u00e0 un tarif largement inf\u00e9rieur \u00e0 celui du terminal d\u2019Orly. Qui plus est, les tarifs diminuent proportionnellement \u00e0 la dur\u00e9e de la r\u00e9servation. Vous pourrez ainsi profiter de prix allant de 41\u20ac pour 1 jour \u00e0 170\u20ac pour 30 jours, dans le cas d\u2019un parking non couvert, ou bien de 50\u20ac \u00e0 215\u20ac pour un parking couvert. Si votre d\u00e9placement s\u2019av\u00e8re \u00eatre plus long, vous pourrez \u00e9galement payer 4 \u00e0 6\u20ac par jour suppl\u00e9mentaire pour atteindre la dur\u00e9e qui vous convient. A noter que le transfert vers et depuis le terminal est gratuit, mais vous aurez \u00e0 payer 7\u20ac par personne suppl\u00e9mentaire \u00e0 partir du 5\u00e8me\u00a0passager.[\/vc_column_text][\/vc_column][\/vc_row][vc_row][vc_column icons_position=\u00a0\u00bbleft\u00a0\u00bb][vc_custom_heading text=\u00a0\u00bbNe perdez pas de temps et \u00e9conomisez\u00a0\u00bb use_theme_fonts=\u00a0\u00bbyes\u00a0\u00bb css=\u00a0\u00bb.vc_custom_1555340843612{margin-top: 0px !important;}\u00a0\u00bb][\/vc_column][\/vc_row][vc_row equal_height=\u00a0\u00bbyes\u00a0\u00bb content_placement=\u00a0\u00bbmiddle\u00a0\u00bb css=\u00a0\u00bb.vc_custom_1555340927469{padding-bottom: 40px !important;}\u00a0\u00bb][vc_column width=\u00a0\u00bb1\/3&Prime; icons_position=\u00a0\u00bbleft\u00a0\u00bb][vc_single_image image=\u00a0\u00bb1205&Prime; img_size=\u00a0\u00bbfull\u00a0\u00bb][\/vc_column][vc_column width=\u00a0\u00bb2\/3&Prime; icons_position=\u00a0\u00bbleft\u00a0\u00bb][vc_column_text]En r\u00e9servant dans un parking priv\u00e9 avec le\u00a0<b>tarif du parking d\u2019orly<\/b>, vous vous assurerez une place libre et \u00e0 proximit\u00e9 de l\u2019a\u00e9roport le jour de votre d\u00e9part. Un gain de temps consid\u00e9rable, au vu de la difficult\u00e9 d\u2019en trouver rapidement, g\u00e9n\u00e9ralement. Qui plus est, le service propos\u00e9 inclut un transfert rapide jusqu\u2019\u00e0 votre terminal, gr\u00e2ce \u00e0 un r\u00e9seau de navettes mis \u00e0 disposition. Vous ne perdrez alors pas de temps dans une quelconque attente, puisque la navette vous transportera juste apr\u00e8s le d\u00e9p\u00f4t de votre v\u00e9hicule. Il en va de m\u00eame pour le retour. Il vous suffira d\u2019un appel t\u00e9l\u00e9phonique pour confirmer l\u2019heure de votre retour, et ainsi directement avoir un transfert rapide \u00e0 ce moment exact.[\/vc_column_text][\/vc_column][\/vc_row][vc_row][vc_column icons_position=\u00a0\u00bbleft\u00a0\u00bb][vc_column_text]<\/p>\n<h2><b>Une r\u00e9servation \u00e9clair<\/b><\/h2>\n<p>Vous n\u2019aurez pas \u00e0 vous tracasser avec de grandes formalit\u00e9s pour effectuer votre r\u00e9servation, pour le parking d\u2019Orly. En effet, une fois arriv\u00e9 sur le site, vous n\u2019avez qu\u2019\u00e0 vous rendre dans l\u2019onglet d\u00e9di\u00e9 et vous y trouverez un formulaire tr\u00e8s facile \u00e0 remplir. Vous devriez notamment y inscrire des informations comme votre nom et pr\u00e9nom, l\u2019immatriculation de votre v\u00e9hicule, ou encore la date et l\u2019heure de votre vol. Vous pourrez changer ces donn\u00e9es \u00e0 tout moment, si n\u00e9cessaire. Une fois cette \u00e9tape effectu\u00e9e, vous recevrez par mail et sur cette m\u00eame page une confirmation de la r\u00e9servation, avec l\u2019itin\u00e9raire, que vous pourrez imprimer, ou non. En effet, l\u2019indication de votre nom suffira aussi lorsque vous allez garer votre v\u00e9hicule.[\/vc_column_text][\/vc_column][\/vc_row][vc_row content_placement=\u00a0\u00bbmiddle\u00a0\u00bb css=\u00a0\u00bb.vc_custom_1555341170826{padding-top: 40px !important;}\u00a0\u00bb][vc_column icons_position=\u00a0\u00bbleft\u00a0\u00bb][vc_btn title=\u00a0\u00bbJe reserve ma place !\u00a0\u00bb style=\u00a0\u00bbflat\u00a0\u00bb color=\u00a0\u00bbvista-blue\u00a0\u00bb align=\u00a0\u00bbcenter\u00a0\u00bb link=\u00a0\u00bburl:https%3A%2F%2Finovad.net%2Fparkngo%2Freservation|||\u00a0\u00bb][\/vc_column][\/vc_row]<\/p>\n<\/div>","protected":false},"excerpt":{"rendered":"<p>[vc_row][vc_column icons_position=\u00a0\u00bbleft\u00a0\u00bb][vc_custom_heading text=\u00a0\u00bbTarif du parking d\u2019orly, faites des \u00e9conomies\u00a0\u00bb font_container=\u00a0\u00bbtag:h1|text_align:center\u00a0\u00bb use_theme_fonts=\u00a0\u00bbyes\u00a0\u00bb][\/vc_column][\/vc_row][vc_row equal_height=\u00a0\u00bbyes\u00a0\u00bb content_placement=\u00a0\u00bbmiddle\u00a0\u00bb][vc_column width=\u00a0\u00bb1\/2&Prime; icons_position=\u00a0\u00bbleft\u00a0\u00bb][vc_column_text]Partir en voyage n\u2019est pas toujours une sin\u00e9cure, surtout si on doit prendre en compte toutes&hellip;<\/p>\n","protected":false},"author":7,"featured_media":0,"parent":0,"menu_order":0,"comment_status":"closed","ping_status":"closed","template":"","meta":{"footnotes":""},"class_list":["post-1186","page","type-page","status-publish","hentry"],"yoast_head":"<!-- This site is optimized with the Yoast SEO plugin v26.6 - https:\/\/yoast.com\/wordpress\/plugins\/seo\/ -->\n<title>Tarif du parking d&#039;Orly - Parkngo : Votre parking facile et proche d&#039;Orly<\/title>\n<meta name=\"robots\" content=\"index, follow, max-snippet:-1, max-image-preview:large, max-video-preview:-1\" \/>\n<link rel=\"canonical\" href=\"https:\/\/inovad.net\/parkngo\/tarif-parking-orly\" \/>\n<meta property=\"og:locale\" content=\"fr_FR\" \/>\n<meta property=\"og:type\" content=\"article\" \/>\n<meta property=\"og:title\" content=\"Tarif du parking d&#039;Orly - Parkngo : Votre parking facile et proche d&#039;Orly\" \/>\n<meta property=\"og:description\" content=\"[vc_row][vc_column icons_position=\u00a0\u00bbleft\u00a0\u00bb][vc_custom_heading text=\u00a0\u00bbTarif du parking d\u2019orly, faites des \u00e9conomies\u00a0\u00bb font_container=\u00a0\u00bbtag:h1|text_align:center\u00a0\u00bb use_theme_fonts=\u00a0\u00bbyes\u00a0\u00bb][\/vc_column][\/vc_row][vc_row equal_height=\u00a0\u00bbyes\u00a0\u00bb content_placement=\u00a0\u00bbmiddle\u00a0\u00bb][vc_column width=\u00a0\u00bb1\/2&Prime; icons_position=\u00a0\u00bbleft\u00a0\u00bb][vc_column_text]Partir en voyage n\u2019est pas toujours une sin\u00e9cure, surtout si on doit prendre en compte toutes&hellip;\" \/>\n<meta property=\"og:url\" content=\"https:\/\/inovad.net\/parkngo\/tarif-parking-orly\" \/>\n<meta property=\"og:site_name\" content=\"Parkngo : Votre parking facile et proche d&#039;Orly\" \/>\n<meta property=\"article:modified_time\" content=\"2019-04-15T15:15:40+00:00\" \/>\n<meta name=\"twitter:card\" content=\"summary_large_image\" \/>\n<meta name=\"twitter:label1\" content=\"Dur\u00e9e de lecture estim\u00e9e\" \/>\n\t<meta name=\"twitter:data1\" content=\"4 minutes\" \/>\n<script type=\"application\/ld+json\" class=\"yoast-schema-graph\">{\"@context\":\"https:\/\/schema.org\",\"@graph\":[{\"@type\":\"WebPage\",\"@id\":\"https:\/\/inovad.net\/parkngo\/tarif-parking-orly\",\"url\":\"https:\/\/inovad.net\/parkngo\/tarif-parking-orly\",\"name\":\"Tarif du parking d'Orly - Parkngo : Votre parking facile et proche d&#039;Orly\",\"isPartOf\":{\"@id\":\"https:\/\/inovad.net\/parkngo\/#website\"},\"datePublished\":\"2019-04-15T14:56:51+00:00\",\"dateModified\":\"2019-04-15T15:15:40+00:00\",\"breadcrumb\":{\"@id\":\"https:\/\/inovad.net\/parkngo\/tarif-parking-orly#breadcrumb\"},\"inLanguage\":\"fr-FR\",\"potentialAction\":[{\"@type\":\"ReadAction\",\"target\":[\"https:\/\/inovad.net\/parkngo\/tarif-parking-orly\"]}]},{\"@type\":\"BreadcrumbList\",\"@id\":\"https:\/\/inovad.net\/parkngo\/tarif-parking-orly#breadcrumb\",\"itemListElement\":[{\"@type\":\"ListItem\",\"position\":1,\"name\":\"Accueil\",\"item\":\"https:\/\/inovad.net\/parkngo\/\"},{\"@type\":\"ListItem\",\"position\":2,\"name\":\"Tarif du parking d&rsquo;Orly\"}]},{\"@type\":\"WebSite\",\"@id\":\"https:\/\/inovad.net\/parkngo\/#website\",\"url\":\"https:\/\/inovad.net\/parkngo\/\",\"name\":\"Parkngo, le seul parking \u00e0 moins de 5 minutes d'Orly - 01 46 75 03 03\",\"description\":\"Parkngo\",\"publisher\":{\"@id\":\"https:\/\/inovad.net\/parkngo\/#organization\"},\"potentialAction\":[{\"@type\":\"SearchAction\",\"target\":{\"@type\":\"EntryPoint\",\"urlTemplate\":\"https:\/\/inovad.net\/parkngo\/?s={search_term_string}\"},\"query-input\":{\"@type\":\"PropertyValueSpecification\",\"valueRequired\":true,\"valueName\":\"search_term_string\"}}],\"inLanguage\":\"fr-FR\"},{\"@type\":\"Organization\",\"@id\":\"https:\/\/inovad.net\/parkngo\/#organization\",\"name\":\"Parkngo, le seul parking \u00e0 moins de 5 minutes d'Orly - 01 46 75 03 03\",\"url\":\"https:\/\/inovad.net\/parkngo\/\",\"logo\":{\"@type\":\"ImageObject\",\"inLanguage\":\"fr-FR\",\"@id\":\"https:\/\/inovad.net\/parkngo\/#\/schema\/logo\/image\/\",\"url\":\"https:\/\/inovad.net\/parkngo\/wp-content\/uploads\/2017\/12\/logo-white.png\",\"contentUrl\":\"https:\/\/inovad.net\/parkngo\/wp-content\/uploads\/2017\/12\/logo-white.png\",\"width\":300,\"height\":71,\"caption\":\"Parkngo, le seul parking \u00e0 moins de 5 minutes d'Orly - 01 46 75 03 03\"},\"image\":{\"@id\":\"https:\/\/inovad.net\/parkngo\/#\/schema\/logo\/image\/\"}}]}<\/script>\n<!-- \/ Yoast SEO plugin. -->","yoast_head_json":{"title":"Tarif du parking d'Orly - Parkngo : Votre parking facile et proche d&#039;Orly","robots":{"index":"index","follow":"follow","max-snippet":"max-snippet:-1","max-image-preview":"max-image-preview:large","max-video-preview":"max-video-preview:-1"},"canonical":"https:\/\/inovad.net\/parkngo\/tarif-parking-orly","og_locale":"fr_FR","og_type":"article","og_title":"Tarif du parking d'Orly - Parkngo : Votre parking facile et proche d&#039;Orly","og_description":"[vc_row][vc_column icons_position=\u00a0\u00bbleft\u00a0\u00bb][vc_custom_heading text=\u00a0\u00bbTarif du parking d\u2019orly, faites des \u00e9conomies\u00a0\u00bb font_container=\u00a0\u00bbtag:h1|text_align:center\u00a0\u00bb use_theme_fonts=\u00a0\u00bbyes\u00a0\u00bb][\/vc_column][\/vc_row][vc_row equal_height=\u00a0\u00bbyes\u00a0\u00bb content_placement=\u00a0\u00bbmiddle\u00a0\u00bb][vc_column width=\u00a0\u00bb1\/2&Prime; icons_position=\u00a0\u00bbleft\u00a0\u00bb][vc_column_text]Partir en voyage n\u2019est pas toujours une sin\u00e9cure, surtout si on doit prendre en compte toutes&hellip;","og_url":"https:\/\/inovad.net\/parkngo\/tarif-parking-orly","og_site_name":"Parkngo : Votre parking facile et proche d&#039;Orly","article_modified_time":"2019-04-15T15:15:40+00:00","twitter_card":"summary_large_image","twitter_misc":{"Dur\u00e9e de lecture estim\u00e9e":"4 minutes"},"schema":{"@context":"https:\/\/schema.org","@graph":[{"@type":"WebPage","@id":"https:\/\/inovad.net\/parkngo\/tarif-parking-orly","url":"https:\/\/inovad.net\/parkngo\/tarif-parking-orly","name":"Tarif du parking d'Orly - Parkngo : Votre parking facile et proche d&#039;Orly","isPartOf":{"@id":"https:\/\/inovad.net\/parkngo\/#website"},"datePublished":"2019-04-15T14:56:51+00:00","dateModified":"2019-04-15T15:15:40+00:00","breadcrumb":{"@id":"https:\/\/inovad.net\/parkngo\/tarif-parking-orly#breadcrumb"},"inLanguage":"fr-FR","potentialAction":[{"@type":"ReadAction","target":["https:\/\/inovad.net\/parkngo\/tarif-parking-orly"]}]},{"@type":"BreadcrumbList","@id":"https:\/\/inovad.net\/parkngo\/tarif-parking-orly#breadcrumb","itemListElement":[{"@type":"ListItem","position":1,"name":"Accueil","item":"https:\/\/inovad.net\/parkngo\/"},{"@type":"ListItem","position":2,"name":"Tarif du parking d&rsquo;Orly"}]},{"@type":"WebSite","@id":"https:\/\/inovad.net\/parkngo\/#website","url":"https:\/\/inovad.net\/parkngo\/","name":"Parkngo, le seul parking \u00e0 moins de 5 minutes d'Orly - 01 46 75 03 03","description":"Parkngo","publisher":{"@id":"https:\/\/inovad.net\/parkngo\/#organization"},"potentialAction":[{"@type":"SearchAction","target":{"@type":"EntryPoint","urlTemplate":"https:\/\/inovad.net\/parkngo\/?s={search_term_string}"},"query-input":{"@type":"PropertyValueSpecification","valueRequired":true,"valueName":"search_term_string"}}],"inLanguage":"fr-FR"},{"@type":"Organization","@id":"https:\/\/inovad.net\/parkngo\/#organization","name":"Parkngo, le seul parking \u00e0 moins de 5 minutes d'Orly - 01 46 75 03 03","url":"https:\/\/inovad.net\/parkngo\/","logo":{"@type":"ImageObject","inLanguage":"fr-FR","@id":"https:\/\/inovad.net\/parkngo\/#\/schema\/logo\/image\/","url":"https:\/\/inovad.net\/parkngo\/wp-content\/uploads\/2017\/12\/logo-white.png","contentUrl":"https:\/\/inovad.net\/parkngo\/wp-content\/uploads\/2017\/12\/logo-white.png","width":300,"height":71,"caption":"Parkngo, le seul parking \u00e0 moins de 5 minutes d'Orly - 01 46 75 03 03"},"image":{"@id":"https:\/\/inovad.net\/parkngo\/#\/schema\/logo\/image\/"}}]}},"_links":{"self":[{"href":"https:\/\/inovad.net\/parkngo\/wp-json\/wp\/v2\/pages\/1186","targetHints":{"allow":["GET"]}}],"collection":[{"href":"https:\/\/inovad.net\/parkngo\/wp-json\/wp\/v2\/pages"}],"about":[{"href":"https:\/\/inovad.net\/parkngo\/wp-json\/wp\/v2\/types\/page"}],"author":[{"embeddable":true,"href":"https:\/\/inovad.net\/parkngo\/wp-json\/wp\/v2\/users\/7"}],"replies":[{"embeddable":true,"href":"https:\/\/inovad.net\/parkngo\/wp-json\/wp\/v2\/comments?post=1186"}],"version-history":[{"count":21,"href":"https:\/\/inovad.net\/parkngo\/wp-json\/wp\/v2\/pages\/1186\/revisions"}],"predecessor-version":[{"id":1195,"href":"https:\/\/inovad.net\/parkngo\/wp-json\/wp\/v2\/pages\/1186\/revisions\/1195"}],"wp:attachment":[{"href":"https:\/\/inovad.net\/parkngo\/wp-json\/wp\/v2\/media?parent=1186"}],"curies":[{"name":"wp","href":"https:\/\/api.w.org\/{rel}","templated":true}]}}